4 and 6682743?
267
What is the greatest common factor of 11581278 and 1902?
1902
What is the highest common factor of 32 and 31728?
16
What is the highest common divisor of 48 and 828232?
8
What is the highest common factor of 411437 and 26?
13
Calculate the highest common factor of 556616 and 984.
328
Calculate the greatest common divisor of 27 and 885681.
27
What is the highest common factor of 13924 and 133576?
236
What is the highest common factor of 273 and 27807?
39
Calculate the greatest common divisor of 112 and 15988.
28
Calculate the greatest common divisor of 1957 and 133.
19
Calculate the greatest common factor of 1113211 and 17.
17
Calculate the greatest common divisor of 217 and 36673.
217
What is the highest common factor of 216 and 62586?
54
What is the greatest common factor of 509 and 779279?
509
What is the highest common factor of 665 and 4305?
35
What is the greatest common factor of 8060 and 85?
5
What is the greatest common divisor of 725592 and 1?
1
Calculate the greatest common factor of 20 and 157735.
5
What is the greatest common factor of 2875 and 1000?
125
What is the highest common factor of 6797 and 7?
7
What is the highest common divisor of 114 and 3984?
6
Calculate the highest common divisor of 7 and 4799263.
7
Calculate the highest common divisor of 24896 and 1216.
64
Calculate the greatest common factor of 311 and 367291.
311
Calculate the highest common divisor of 1110581 and 1555.
311
What is the greatest common factor of 3192 and 175731?
57
Calculate the highest common divisor of 1180 and 54870.
590
Calculate the greatest common factor of 105 and 1829985.
15
What is the highest common factor of 270 and 27810?
270
Calculate the greatest common factor of 4351 and 10763.
229
Calculate the greatest common divisor of 1176 and 65464.
392
Calculate the highest common divisor of 18616 and 130.
26
Calculate the highest common factor of 118 and 63779.
59
Calculate the highest common factor of 378 and 2478.
42
What is the greatest common factor of 128 and 536672?
32
What is the highest common factor of 70 and 11515?
35
Calculate the greatest common divisor of 29241 and 324.
81
What is the greatest common divisor of 63108 and 1584?
36
Calculate the greatest common factor of 3072 and 16512.
384
Calculate the greatest common divisor of 266 and 2242.
38
What is the highest common divisor of 75910 and 35?
5
What is the highest common divisor of 6481684 and 176?
44
What is the greatest common factor of 459 and 76653?
459
What is the greatest common divisor of 35804 and 4?
4
What is the greatest common divisor of 82 and 58589?
41
What is the greatest common factor of 1143 and 111125?
127
What is the greatest common divisor of 924 and 122661?
231
Calculate the highest common divisor of 310 and 29636.
62
What is the greatest common factor of 883 and 10493572?
883
Calculate the highest common factor of 35431 and 352.
11
Calculate the greatest common divisor of 47226 and 2652.
102
What is the greatest common divisor of 783 and 663201?
783
Calculate the highest common divisor of 1310 and 62094.
262
What is the greatest common factor of 682 and 678931?
341
What is the greatest common divisor of 228935 and 1736?
217
Calculate the greatest common divisor of 24 and 70536.
24
What is the greatest common divisor of 294 and 5334?
42
What is the highest common divisor of 10353 and 21777?
357
Calculate the highest common factor of 6383 and 156.
13
Calculate the highest common factor of 13527 and 2349.
81
Calculate the greatest common divisor of 2 and 62480.
2
What is the greatest common factor of 156 and 329992?
52
What is the greatest common divisor of 421 and 1564015?
421
Calculate the highest common factor of 31571 and 524.
131
Calculate the highest common divisor of 2109980 and 40.
20
Calculate the greatest common divisor of 8713985 and 35.
35
What is the greatest common divisor of 1040675 and 400?
25
What is the greatest common divisor of 3130 and 337414?
626
What is the highest common divisor of 925 and 8843?
37
Calculate the highest common factor of 7105 and 175.
35
Calculate the greatest common factor of 16335990 and 29.
29
What is the highest common factor of 47110 and 1470?
70
Calculate the highest common factor of 2263202 and 778.
778
What is the highest common factor of 28582 and 32270?
922
Calculate the greatest common factor of 624 and 700284.
156
Calculate the highest common divisor of 217 and 138353.
31
What is the greatest common divisor of 13299 and 283371?
1023
What is the greatest common factor of 52445 and 629?
17
Calculate the greatest common factor of 42 and 15930.
6
What is the highest common divisor of 2880 and 50?
10
What is the greatest common divisor of 4004974 and 1996?
998
What is the highest common factor of 95882 and 753?
251
Calculate the highest common divisor of 3744 and 85488.
624
Calculate the highest common divisor of 138 and 67758.
138
Calculate the highest common factor of 29780 and 180.
20
Calculate the highest common divisor of 45720 and 2520.
360
Calculate the greatest common factor of 484780 and 20.
20
Calculate the greatest common divisor of 7760 and 110.
10
Calculate the highest common factor of 9031 and 1342.
11
Calculate the highest common divisor of 8613 and 863649.
783
Calculate the highest common divisor of 288 and 17217792.
288
What is the greatest common factor of 50 and 8314?
2
Calculate the greatest common factor of 202 and 23.
1
Calculate the greatest common factor of 7800 and 34800.
600
What is the greatest common factor of 648 and 35802?
162
Calculate the greatest common factor of 28028 and 13.
13
Calculate the greatest common factor of 1004803 and 31.
31
Calculate the greatest common divisor of 6921 and 132.
3
Calculate the greatest common factor of 66096 and 4743.
153
What is the highest common factor of 9196 and 1102?
38
Calculate the highest common divisor of 271754 and 28.
14
What is the highest common divisor of 6809 and 88?
11
Calculate the highest common divisor of 75879 and 801.
9
What is the highest common factor of 182 and 278018?
26
Calculate the greatest common factor of 235276 and 13624.
524
Calculate the greatest common divisor of 24 and 4049264.
8
Calculate the greatest common factor of 21616 and 168.
56
What is the highest common factor of 382 and 1880204?
382
Calculate the greatest common divisor of 51463 and 742.
53
Calculate the greatest common factor of 392 and 6091288.
392
Calculate the greatest common factor of 105 and 200571.
21
Calculate the highest common divisor of 46628 and 196.
4
Calculate the greatest common divisor of 89776 and 42716.
724
What is the greatest common factor of 76038 and 58?
58
What is the greatest common divisor of 171 and 319941?
171
Calculate the greatest common divisor of 732542 and 470.
94
Calculate the greatest common divisor of 1121 and 2641.
19
What is the greatest common factor of 39820 and 165?
55
Calculate the highest common divisor of 33 and 1421079.
33
What is the highest common divisor of 51 and 23718?
3
Calculate the greatest common factor of 812 and 1044.
116
Calculate the greatest common divisor of 60 and 323740.
20
What is the greatest common divisor of 19422 and 5850?
234
What is the greatest common divisor of 115528 and 364?
28
Calculate the highest common divisor of 252884 and 764.
764
Calculate the greatest common divisor of 14913 and 9.
9
Calculate the greatest common factor of 92 and 2228.
4
Calculate the greatest common factor of 41 and 147313.
41
What is the highest common divisor of 721 and 6592?
103
Calculate the highest common divisor of 125579 and 178.
89
Calculate the highest common divisor of 749760 and 132.
132
What is the greatest common divisor of 214758 and 410?
82
What is the greatest common factor of 2565 and 477?
9
Calculate the highest common divisor of 170 and 109038.
34
Calculate the greatest common divisor of 211 and 399634.
211
Calculate the greatest common divisor of 1056 and 300.
12
Calculate the highest common factor of 6206314 and 292.
146
What is the highest common factor of 836 and 513?
19
What is the greatest common divisor of 152402 and 724?
362
What is the greatest common factor of 765 and 187?
17
Calculate the highest common divisor of 11 and 35387.
11
Calculate the highest com